{"id":8,"date":"2024-11-27T12:38:21","date_gmt":"2024-11-27T11:38:21","guid":{"rendered":"https:\/\/printlayout-und-webdesign.de\/EVP\/front_page\/"},"modified":"2024-12-06T11:57:00","modified_gmt":"2024-12-06T10:57:00","slug":"front_page","status":"publish","type":"page","link":"https:\/\/printlayout-und-webdesign.de\/EVP\/","title":{"rendered":"Startseite"},"content":{"rendered":"<div id=\"pl-8\"  class=\"panel-layout\" ><div id=\"pg-8-0\"  class=\"panel-grid panel-no-style\" ><div id=\"pgc-8-0-0\"  class=\"panel-grid-cell\" ><div id=\"panel-8-0-0-0\" class=\"so-panel widget widget_sow-video panel-first-child\" data-index=\"0\" ><div\n\t\t\t\n\t\t\tclass=\"so-widget-sow-video so-widget-sow-video-default-f379b959fc93-8\"\n\t\t\t\n\t\t>\n<div class=\"sow-video-wrapper\n\">\n\t\t\t<video\n\t\t\tid=\"sow-player-1\" class=\"sow-video-widget\" preload=\"auto\" style=\"width:100%;height:100%;\" autoplay playsinline muted=\"1\" controls \t\t>\n\t\t\t\t\t\t\t<source type=\"video\/mp4\" src=\"https:\/\/printlayout-und-webdesign.de\/EVP\/wp-content\/uploads\/2024\/12\/Vorworte.mp4\"\/>\n\t\t\t\t\t<\/video>\n\t<\/div>\n<\/div><\/div><div id=\"panel-8-0-0-1\" class=\"so-panel widget widget_sow-editor\" data-index=\"1\" ><div\n\t\t\t\n\t\t\tclass=\"so-widget-sow-editor so-widget-sow-editor-base\"\n\t\t\t\n\t\t>\n<div class=\"siteorigin-widget-tinymce textwidget\">\n\t<p>Hall\u00f6chen,<\/p>\n<p>wir sind Elina und Marlene und gehen gerade in die neunte Klasse am Humboldt-Gymnasium. Im Rahmen des diesj\u00e4hrigen Sch\u00fclerpraktikums haben wir uns dazu entschlossen, eine Reportage \u00fcber Musik in Caputh zu erstellen, weil wir selber gerne musizieren, in Caputh leben und etwas Journalistisches machen wollten. Auf den folgenden Seiten k\u00f6nnt ihr euch die verschiedenen Caputher Musikorganisationen ansehen und mehr \u00fcber sie erfahren. Vielleicht wollt ihr ja auch irgendwo beitreten...<\/p>\n<p>Viel Spa\u00df,<\/p>\n<p>Marlene und Elina<\/p>\n<\/div>\n<\/div><\/div><div id=\"panel-8-0-0-2\" class=\"so-panel widget widget_sow-button panel-last-child\" data-index=\"2\" ><div\n\t\t\t\n\t\t\tclass=\"so-widget-sow-button so-widget-sow-button-atom-b3836f9c3750-8\"\n\t\t\t\n\t\t><div class=\"ow-button-base ow-button-align-center\"\n>\n\t\t\t<a\n\t\t\t\t\thref=\"https:\/\/printlayout-und-webdesign.de\/EVP\/wp-content\/uploads\/2024\/12\/flyer.pdf\"\n\t\t\t\t\tclass=\"sowb-button ow-icon-placement-left ow-button-hover\" download=\"\" \t>\n\t\t<span>\n\t\t\t\n\t\t\tDownload unseres Flyers\t\t<\/span>\n\t\t\t<\/a>\n\t<\/div>\n<\/div><\/div><\/div><\/div><\/div>","protected":false},"excerpt":{"rendered":"<p>Hall\u00f6chen, wir sind Elina und Marlene und gehen gerade in die neunte Klasse am Humboldt-Gymnasium. Im Rahmen des diesj\u00e4hrigen Sch\u00fclerpraktikums haben wir uns dazu entschlossen, eine Reportage \u00fcber Musik in Caputh zu erstellen, weil wir selber gerne musizieren, in Caputh leben und etwas Journalistisches machen wollten. Auf den folgenden Seiten k\u00f6nnt ihr euch die verschiedenen Caputher Musikorganisationen ansehen und mehr \u00fcber sie erfahren. Vielleicht wollt ihr ja auch irgendwo beitreten&#8230; Viel Spa\u00df, Marlene und Elina<\/p>\n","protected":false},"author":1,"featured_media":0,"parent":0,"menu_order":1,"comment_status":"closed","ping_status":"closed","template":"","meta":{"footnotes":""},"class_list":["post-8","page","type-page","status-publish","hentry"],"_links":{"self":[{"href":"https:\/\/printlayout-und-webdesign.de\/EVP\/wp-json\/wp\/v2\/pages\/8","targetHints":{"allow":["GET"]}}],"collection":[{"href":"https:\/\/printlayout-und-webdesign.de\/EVP\/wp-json\/wp\/v2\/pages"}],"about":[{"href":"https:\/\/printlayout-und-webdesign.de\/EVP\/wp-json\/wp\/v2\/types\/page"}],"author":[{"embeddable":true,"href":"https:\/\/printlayout-und-webdesign.de\/EVP\/wp-json\/wp\/v2\/users\/1"}],"replies":[{"embeddable":true,"href":"https:\/\/printlayout-und-webdesign.de\/EVP\/wp-json\/wp\/v2\/comments?post=8"}],"version-history":[{"count":14,"href":"https:\/\/printlayout-und-webdesign.de\/EVP\/wp-json\/wp\/v2\/pages\/8\/revisions"}],"predecessor-version":[{"id":204,"href":"https:\/\/printlayout-und-webdesign.de\/EVP\/wp-json\/wp\/v2\/pages\/8\/revisions\/204"}],"wp:attachment":[{"href":"https:\/\/printlayout-und-webdesign.de\/EVP\/wp-json\/wp\/v2\/media?parent=8"}],"curies":[{"name":"wp","href":"https:\/\/api.w.org\/{rel}","templated":true}]}}

<div id="pl-8"  class="panel-layout" ><div id="pg-8-0"  class="panel-grid panel-no-style" ><div id="pgc-8-0-0"  class="panel-grid-cell" ><div id="panel-8-0-0-0" class="so-panel widget widget_sow-video panel-first-child" data-index="0" ><div
			
			class="so-widget-sow-video so-widget-sow-video-default-f379b959fc93-8"
			
		>
<div class="sow-video-wrapper
">
			<video
			id="sow-player-1" class="sow-video-widget" preload="auto" style="width:100%;height:100%;" autoplay playsinline muted="1" controls 		>
							<source type="video/mp4" src="https://printlayout-und-webdesign.de/EVP/wp-content/uploads/2024/12/Vorworte.mp4"/>
					</video>
	</div>
</div></div><div id="panel-8-0-0-1" class="so-panel widget widget_sow-editor" data-index="1" ><div
			
			class="so-widget-sow-editor so-widget-sow-editor-base"
			
		>
<div class="siteorigin-widget-tinymce textwidget">
	<p>Hallöchen,</p>
<p>wir sind Elina und Marlene und gehen gerade in die neunte Klasse am Humboldt-Gymnasium. Im Rahmen des diesjährigen Schülerpraktikums haben wir uns dazu entschlossen, eine Reportage über Musik in Caputh zu erstellen, weil wir selber gerne musizieren, in Caputh leben und etwas Journalistisches machen wollten. Auf den folgenden Seiten könnt ihr euch die verschiedenen Caputher Musikorganisationen ansehen und mehr über sie erfahren. Vielleicht wollt ihr ja auch irgendwo beitreten...</p>
<p>Viel Spaß,</p>
<p>Marlene und Elina</p>
</div>
</div></div><div id="panel-8-0-0-2" class="so-panel widget widget_sow-button panel-last-child" data-index="2" ><div
			
			class="so-widget-sow-button so-widget-sow-button-atom-b3836f9c3750-8"
			
		><div class="ow-button-base ow-button-align-center"
>
			<a
					href="https://printlayout-und-webdesign.de/EVP/wp-content/uploads/2024/12/flyer.pdf"
					class="sowb-button ow-icon-placement-left ow-button-hover" download="" 	>
		<span>
			
			Download unseres Flyers		</span>
			</a>
	</div>
</div></div></div></div></div>

<p>Hallöchen, wir sind Elina und Marlene und gehen gerade in die neunte Klasse am Humboldt-Gymnasium. Im Rahmen des diesjährigen Schülerpraktikums haben wir uns dazu entschlossen, eine Reportage über Musik in Caputh zu erstellen, weil wir selber gerne musizieren, in Caputh leben und etwas Journalistisches machen wollten. Auf den folgenden Seiten könnt ihr euch die verschiedenen Caputher Musikorganisationen ansehen und mehr über sie erfahren. Vielleicht wollt ihr ja auch irgendwo beitreten&#8230; Viel Spaß, Marlene und Elina</p>
